housands digit of 18256?
8
What is the tens digit of 11755?
5
What is the tens digit of 25386?
8
What is the tens digit of 1440?
4
What is the tens digit of 71?
7
What is the thousands digit of 4826?
4
What is the hundreds digit of 37809?
8
What is the ten thousands digit of 25361?
2
What is the thousands digit of 8677?
8
What is the hundreds digit of 892?
8
What is the hundreds digit of 1562?
5
What is the units digit of 13586?
6
What is the hundreds digit of 865?
8
What is the tens digit of 124906?
0
What is the thousands digit of 136638?
6
What is the units digit of 2274?
4
What is the tens digit of 184?
8
What is the hundreds digit of 2222?
2
What is the thousands digit of 4924?
4
What is the ten thousands digit of 30094?
3
What is the units digit of 12242?
2
What is the units digit of 1008?
8
What is the tens digit of 96973?
7
What is the thousands digit of 85162?
5
What is the units digit of 50975?
5
What is the tens digit of 840?
4
What is the tens digit of 2182?
8
What is the hundreds digit of 907?
9
What is the units digit of 182?
2
What is the tens digit of 2213?
1
What is the units digit of 1155?
5
What is the tens digit of 1437?
3
What is the thousands digit of 1435?
1
What is the tens digit of 1988?
8
What is the tens digit of 4292?
9
What is the ten thousands digit of 23048?
2
What is the tens digit of 9500?
0
What is the tens digit of 583?
8
What is the ten thousands digit of 22248?
2
What is the tens digit of 1253?
5
What is the units digit of 13705?
5
What is the thousands digit of 101627?
1
What is the hundreds digit of 1091?
0
What is the tens digit of 69046?
4
What is the tens digit of 36561?
6
What is the tens digit of 7256?
5
What is the thousands digit of 4870?
4
What is the hundreds digit of 2292?
2
What is the thousands digit of 3395?
3
What is the hundreds digit of 408?
4
What is the ten thousands digit of 67635?
6
What is the tens digit of 16115?
1
What is the units digit of 6989?
9
What is the thousands digit of 1043?
1
What is the tens digit of 10653?
5
What is the tens digit of 149?
4
What is the hundreds digit of 261?
2
What is the thousands digit of 1097?
1
What is the tens digit of 138986?
8
What is the units digit of 1886?
6
What is the ten thousands digit of 49195?
4
What is the hundreds digit of 1956?
9
What is the tens digit of 18509?
0
What is the units digit of 26863?
3
What is the thousands digit of 2687?
2
What is the hundreds digit of 1538?
5
What is the hundreds digit of 1684?
6
What is the units digit of 1405?
5
What is the thousands digit of 5177?
5
What is the tens digit of 2431?
3
What is the hundreds digit of 39856?
8
What is the tens digit of 713?
1
What is the tens digit of 2305?
0
What is the tens digit of 3080?
8
What is the thousands digit of 1320?
1
What is the tens digit of 2371?
7
What is the units digit of 19630?
0
What is the units digit of 23630?
0
What is the tens digit of 17?
1
What is the hundreds digit of 77658?
6
What is the tens digit of 1959?
5
What is the tens digit of 3678?
7
What is the hundreds digit of 925?
9
What is the units digit of 6937?
7
What is the tens digit of 1879?
7
What is the units digit of 2674?
4
What is the tens digit of 4006?
0
What is the thousands digit of 15363?
5
What is the thousands digit of 1766?
1
What is the units digit of 726?
6
What is the units digit of 1279?
9
What is the units digit of 17?
7
What is the thousands digit of 1152?
1
What is the units digit of 122217?
7
What is the tens digit of 694?
9
What is the hundreds digit of 8183?
1
What is the tens digit of 10652?
5
What is the units digit of 75236?
6
What is the ten thousands digit of 57607?
5
What is the tens digit of 923?
2
What is the tens digit of 86503?
0
What is the hundreds digit of 928?
9
What is the units digit of 1101?
1
What is the tens digit of 2799?
9
What is the hundreds digit of 248?
2
What is the tens digit of 654?
5
What is the tens digit of 7305?
0
What is the ten thousands digit of 15662?
1
What is the hundreds digit of 2100?
1
What is the units digit of 176?
6
What is the tens digit of 1328?
2
What is the hundreds digit of 175?
1
What is the ten thousands digit of 22984?
2
What is the units digit of 51397?
7
What is the tens digit of 26681?
8
What is the units digit of 1843?
3
What is the hundreds digit of 18902?
9
What is the hundreds digit of 2921?
9
What is the hundreds digit of 1090?
0
What is the hundreds digit of 56164?
1
What is the units digit of 386?
6
What is the units digit of 943?
3
What is the thousands digit of 1616?
1
What is the thousands digit of 1497?
1
What is the units digit of 1933?
3
What is the units digit of 1832?
2
What is the hundreds digit of 283?
2
What is the thousands digit of 11455?
1
What is the thousands digit of 1026?
1
What is the tens digit of 58930?
3
What is the thousands digit of 1905?
1
What is the ten thousands digit of 56604?
5
What is the hundreds digit of 960?
9
What is the hundreds digit of 968?
9
What is the units digit of 956?
6
What is the hundreds digit of 3842?
8
What is the units digit of 851?
1
What is the tens digit of 470?
7
What is the units digit of 2817?
7
What is the units digit of 778?
8
What is the ten thousands digit of 76658?
7
What is the tens digit of 143452?
5
What is the hundreds digit of 23257?
2
What is the tens digit of 14872?
7
What is the units digit of 168?
8
What is the tens digit of 1567?
6
What is the thousands digit of 6628?
6
What is the units digit of 33556?
6
What is the units digit of 1722?
2
What is the hundreds digit of 82968?
9
What is the thousands digit of 2422?
2
What is the units digit of 47?
7
What is the units digit of 2651?
1
What is the hundreds digit of 1046?
0
What is the units digit of 2548?
8
What is the ten thousands digit of 18889?
1
What is the thousands digit of 3060?
3
What is the thousands digit of 5664?
5
What is the ten thousands digit of 20844?
2
What is the tens digit of 606?
0
What is the hundreds digit of 7948?
9
What is the thousands digit of 51068?
1
What is the hundreds digit of 1088?
0
What is the units digit of 852?
2
What is the hundreds digit of 3853?
8
What is the units digit of 764?
4
What is the tens digit of 110?
1
What is the tens digit of 61364?
6
What is the units digit of 144258?
8
What is the hundreds digit of 26448?
4
What is the hundreds digit of 7762?
7
What is the units digit of 680?
0
What is the tens digit of 2501?
0
What is the tens digit of 4760?
6
What is the tens digit of 3008?
0
What is the tens digit of 539?
3
What is the tens digit of 1133?
3
What is the tens digit of 2799?
9
What is the units digit of 17452?
2
What is the tens digit of 13794?
9
What is the hundreds digit of 23407?
4
What is the hundreds digit of 13184?
1
What is the units digit of 714?
4
What is the thousands digit of 18446?
8
What is the thousands digit of 15322?
5
What is the thousands digit of 54270?
4
What is the tens digit of 72731?
3
What is the hundreds digit of 10102?
1
What is the units digit of 417?
7
What is the thousands digit of 4151?
4
What is the tens digit of 3848?
4
What is the hundreds digit of 6274?
2
What is the thousands digit of 3532?
3
What is the hundreds digit of 23128?
1
What is the units digit of 107404?
4
What is the tens digit of 48019?
1
What is the ten thousands digit of 47049?
4
What is the hundreds digit of 38284?
2
What is the hundreds digit of 2639?
6
What is the hundreds digit of 3085?
0
What is the tens digit of 16656?
5
What is the tens digit of 245?
4
What is the hundreds digit of 2061?
0
What is the hundreds digit of 7286?
2
What is the units digit of 15389?
9
What is the tens digit of 2383?
8
What is the ten thousands digit of 162815?
6
What is the tens digit of 603?
0
What is the hundreds digit of 695?
6
What is the units digit of 4420?
0
What is the hundreds digit of 1131?
1
What is the tens digit of 2181?
8
What is the tens digit of 25746?
4
What is the tens digit of 66837?
3
What is the tens digit of 228?
2
What is the ten thousands digit of 20413?
2
What is the units digit of 634?
4
What is the hundreds digit of 1278?
2
What is the thousands digit of 44811?
4
What is the tens digit of 1948?
4
What is the tens digit of 841?
4
What is the hundreds digit of 11326?
3
What is the hundreds digit of 53284?
2
What is the thou